ist the prime factors of 124743.
3, 43, 967
What are the prime factors of 1209116?
2, 302279
What are the prime factors of 4560337?
29, 157253
List the prime factors of 4405904.
2, 509, 541
List the prime factors of 5410132.
2, 7, 13, 89, 167
List the prime factors of 546822.
2, 3, 17, 1787
List the prime factors of 1775942.
2, 7, 47, 2699
List the prime factors of 111490.
2, 5, 11149
What are the prime factors of 1248404?
2, 312101
List the prime factors of 8444486.
2, 4222243
List the prime factors of 10765431.
3, 211, 5669
What are the prime factors of 11648816?
2, 311, 2341
What are the prime factors of 1765438?
2, 882719
List the prime factors of 3073260.
2, 3, 5, 17, 23, 131
List the prime factors of 379538.
2, 109, 1741
What are the prime factors of 142657?
142657
What are the prime factors of 337957?
337957
List the prime factors of 481432.
2, 7, 8597
What are the prime factors of 3964563?
3, 440507
List the prime factors of 72567.
3, 11, 733
List the prime factors of 2145218.
2, 83, 12923
What are the prime factors of 13919?
31, 449
List the prime factors of 160444.
2, 40111
List the prime factors of 1593691.
11, 13171
What are the prime factors of 11961?
3, 443
List the prime factors of 2284977.
3, 43, 17713
What are the prime factors of 13405060?
2, 5, 359, 1867
What are the prime factors of 826361?
107, 7723
What are the prime factors of 21841886?
2, 11, 233, 4261
List the prime factors of 11591808.
2, 3, 30187
List the prime factors of 10778679.
3, 1197631
What are the prime factors of 536590?
2, 5, 23, 2333
List the prime factors of 579426.
2, 3, 269, 359
What are the prime factors of 35479557?
3, 29, 135937
List the prime factors of 6708743.
647, 10369
What are the prime factors of 6331156?
2, 13, 109, 1117
What are the prime factors of 13596344?
2, 1699543
What are the prime factors of 4986387?
3, 7, 3769
List the prime factors of 239861.
131, 1831
What are the prime factors of 1255611?
3, 7, 59791
List the prime factors of 23116.
2, 5779
List the prime factors of 3621589.
43, 84223
List the prime factors of 899439.
3, 47, 6379
What are the prime factors of 84117?
3, 11, 2549
What are the prime factors of 3701427?
3, 17, 72577
List the prime factors of 243280.
2, 5, 3041
What are the prime factors of 1799065?
5, 241, 1493
What are the prime factors of 2381891?
2381891
List the prime factors of 1800891.
3, 401, 499
List the prime factors of 19804332.
2, 3, 29, 56909
List the prime factors of 7585.
5, 37, 41
List the prime factors of 106399.
103, 1033
What are the prime factors of 454750?
2, 5, 17, 107
List the prime factors of 17286199.
7, 2469457
What are the prime factors of 11447589?
3, 43, 88741
List the prime factors of 409293.
3, 31, 163
What are the prime factors of 7986589?
13, 23, 26711
List the prime factors of 1429223.
47, 647
List the prime factors of 1703975.
5, 7, 13, 107
What are the prime factors of 2138831?
2138831
List the prime factors of 18154337.
23, 541, 1459
List the prime factors of 85533.
3, 7, 4073
What are the prime factors of 252763?
7, 36109
What are the prime factors of 1668037?
7, 238291
List the prime factors of 8951380.
2, 5, 447569
What are the prime factors of 1732488?
2, 3, 37, 1951
List the prime factors of 235018.
2, 7, 16787
What are the prime factors of 2016624?
2, 3, 42013
What are the prime factors of 3564690?
2, 3, 5, 31, 3833
What are the prime factors of 310085?
5, 62017
What are the prime factors of 101963?
101963
List the prime factors of 7440885.
3, 5, 37, 41, 109
What are the prime factors of 900178?
2, 31, 14519
List the prime factors of 1565335.
5, 47, 6661
What are the prime factors of 593398?
2, 13, 29, 787
What are the prime factors of 606646?
2, 303323
What are the prime factors of 1958401?
397, 4933
What are the prime factors of 297?
3, 11
What are the prime factors of 2478413?
7, 17, 59, 353
What are the prime factors of 3118425?
3, 5, 41579
What are the prime factors of 73637?
73637
What are the prime factors of 744890?
2, 5, 74489
List the prime factors of 3184885.
5, 11, 79, 733
What are the prime factors of 2540722?
2, 1270361
What are the prime factors of 18747885?
3, 5, 13, 79, 1217
What are the prime factors of 327383?
7, 46769
What are the prime factors of 3297443?
1399, 2357
List the prime factors of 6879898.
2, 23, 149563
What are the prime factors of 3476269?
401, 8669
What are the prime factors of 5082139?
19, 267481
What are the prime factors of 1569443?
1569443
List the prime factors of 5121158.
2, 7, 365797
What are the prime factors of 1476246?
2, 3, 17, 41, 353
What are the prime factors of 3598832?
2, 17, 101, 131
What are the prime factors of 13761593?
127, 108359
What are the prime factors of 7890871?
19, 29, 14321
What are the prime factors of 274109?
11, 24919
List the prime factors of 332898.
2, 3, 113, 491
List the prime factors of 12693892.
2, 89, 181, 197
List the prime factors of 196525.
5, 7, 1123
What are the prime factors of 7309043?
7, 1044149
List the prime factors of 862611.
3, 287537
What are the prime factors of 10895410?
2, 5, 83, 13127
List the prime factors of 30946.
2, 15473
What are the prime factors of 226766?
2, 113383
List the prime factors of 194603.
23, 8461
List the prime factors of 3506734.
2, 7, 11, 3253
What are the prime factors of 380278?
2, 107, 1777
What are the prime factors of 1765082?
2, 11, 80231
List the prime factors of 320191.
199, 1609
What are the prime factors of 109487?
7, 15641
List the prime factors of 293277.
3, 29, 3371
What are the prime factors of 20266642?
2, 11, 569, 1619
List the prime factors of 12106375.
5, 96851
What are the prime factors of 1663206?
2, 3, 41, 6761
What are the prime factors of 982552?
2, 122819
List the prime factors of 1371164.
2, 342791
List the prime factors of 237143.
237143
What are the prime factors of 339823?
11, 30893
List the prime factors of 510313.
29, 17597
What are the prime factors of 3734033?
17, 219649
List the prime factors of 1216302.
2, 3, 202717
List the prime factors of 2985915.
3, 5, 137, 1453
List the prime factors of 23664149.
23664149
What are the prime factors of 114575?
5, 4583
List the prime factors of 8197614.
2, 3, 23, 19801
What are the prime factors of 6450286?
2, 3225143
What are the prime factors of 104968?
2, 13121
What are the prime factors of 6026534?
2, 17, 19, 491
List the prime factors of 10658.
2, 73
List the prime factors of 324474.
2, 3, 41, 1319
What are the prime factors of 13190089?
11, 67, 1627
List the prime factors of 400064.
2, 7, 19, 47
List the prime factors of 1064503.
11, 29, 47, 71
List the prime factors of 186221.
7, 37, 719
What are the prime factors of 1296980?
2, 5, 64849
List the prime factors of 7131173.
7, 23, 44293
What are the prime factors of 4900929?
3, 11, 148513
What are the prime factors of 5592416?
2, 174763
List the prime factors of 8601310.
2, 5, 23, 37397
What are the prime factors of 3148858?
2, 113, 13933
List the prime factors of 9389033.
139, 67547
List the prime factors of 272351.
272351
What are the prime factors of 220351?
220351
List the prime factors of 3410123.
163, 20921
List the prime factors of 81157.
81157
What are the prime factors of 3955029?
3, 13, 101411
List the prime factors of 310875.
3, 5, 829
List the prime factors of 254699.
254699
List the prime factors of 18726530.
2, 5, 137, 13669
List the prime factors of 206223.
3, 53, 1297
What are the prime factors of 392426?
2, 19, 23, 449
What are the prime factors of 931080?
2, 3, 5, 7759
List the prime factors of 2901991.
383, 7577
List the prime factors of 6134281.
83, 73907
What are the prime factors of 1161164?
2, 107, 2713
List the prime factors of 2163384.
2, 3, 30047
List the prime factors of 86781.
3, 28927
What are the prime factors of 214163?
214163
List the prime factors of 969225.
3, 5, 12923
List the prime factors of 7214399.
7214399
List the prime factors of 311878.
2, 7, 22277
What are the prime factors of 1481143?
1481143
List the prime factors of 849369.
3, 31, 9133
What are the prime factors of 13714923?
3, 23, 113, 1759
What are the prime factors of 124957?
7, 17851
List the prime factors of 4457350.
2, 5, 239, 373
List the prime factors of 280693.
7, 40099
What are the prime factors of 22539934?
2, 199, 56633
What are